309 a prime number?
False
Is 1333110997 a composite number?
False
Is 1517688839 prime?
False
Is 5388478759 a prime number?
True
Is 2300472001 a prime number?
False
Is 2295946589 a prime number?
False
Is 1168830857 a prime number?
True
Is 1078713887 a prime number?
True
Is 1849425709 a composite number?
False
Is 1848280799 prime?
True
Is 7104592295 a composite number?
True
Is 14650698559 a prime number?
False
Is 4314237141 a composite number?
True
Is 76283613631 composite?
False
Is 4343613101 a composite number?
True
Is 3220112867 composite?
False
Is 9440417561 prime?
True
Is 470292073 prime?
False
Is 7855176961 composite?
True
Is 1023099319 a composite number?
True
Is 18184559923 a prime number?
False
Is 1417284643 composite?
False
Is 511631203 a prime number?
False
Is 896881859 prime?
True
Is 2589285287 prime?
False
Is 10439165717 a prime number?
True
Is 4704272047 prime?
True
Is 47003925763 prime?
True
Is 732899261 a composite number?
False
Is 8329255087 a composite number?
False
Is 359681569 a composite number?
True
Is 302856331 composite?
True
Is 18188128279 composite?
False
Is 99645989509 a composite number?
True
Is 9546386827 prime?
True
Is 3906962809 composite?
False
Is 1597108549 prime?
False
Is 357365809 composite?
True
Is 5709187589 composite?
True
Is 372434197 composite?
True
Is 279570361 prime?
False
Is 7300801003 a prime number?
True
Is 15942041135 prime?
False
Is 16655866669 a composite number?
True
Is 40070928277 composite?
False
Is 6452333263 a composite number?
False
Is 9845859677 prime?
False
Is 5042364703 a prime number?
False
Is 927357641 prime?
False
Is 24763217 composite?
False
Is 403561943 a composite number?
False
Is 388731293 composite?
False
Is 4282531427 composite?
False
Is 3988426727 a prime number?
False
Is 1973951635 a composite number?
True
Is 223557377 a prime number?
True
Is 113815843 composite?
False
Is 25296601471 a prime number?
False
Is 718381813 a composite number?
False
Is 3254175607 a composite number?
False
Is 8404453355 a composite number?
True
Is 7038790621 prime?
False
Is 1666653941 a composite number?
False
Is 62136429787 a composite number?
True
Is 47441371433 composite?
False
Is 1095413281 composite?
False
Is 7177285733 a prime number?
True
Is 2221411079 a composite number?
False
Is 231277888711 a prime number?
True
Is 282438499813 composite?
False
Is 7020009649 a composite number?
True
Is 8817599503 a prime number?
True
Is 23861420423 prime?
True
Is 102151437659 a composite number?
False
Is 25327171427 a prime number?
False
Is 19982371447 a prime number?
True
Is 1453110385 a composite number?
True
Is 106735135939 composite?
False
Is 75163265509 composite?
False
Is 14846919413 composite?
False
Is 181385045389 prime?
True
Is 170310269 a composite number?
True
Is 367296731 composite?
True
Is 19402544519 a composite number?
False
Is 1232466397 prime?
False
Is 1570428181 prime?
False
Is 16012266367 a prime number?
False
Is 1985694485 prime?
False
Is 21643936999 composite?
False
Is 93754445 composite?
True
Is 23488611359 composite?
False
Is 11973932423 prime?
False
Is 347221291 composite?
True
Is 239255790443 prime?
True
Is 126375155327 a prime number?
False
Is 2578626331 a composite number?
True
Is 898252897 a composite number?
True
Is 3696931649 composite?
False
Is 5156895383 a composite number?
True
Is 1949890289 a prime number?
True
Is 327251501 composite?
False
Is 323466679 prime?
False
Is 812689847 composite?
True
Is 7483016689 prime?
False
Is 14266303405 a composite number?
True
Is 121321553 composite?
True
Is 417506581 composite?
True
Is 45177283487 composite?
True
Is 816323737 a composite number?
False
Is 82200241 prime?
False
Is 3517492811 a composite number?
True
Is 3064692881 composite?
False
Is 3019130369 a composite number?
False
Is 26150753 prime?
False
Is 8650193833 composite?
True
Is 9474868157 a prime number?
True
Is 3709042217 a prime number?
True
Is 367679127137 composite?
True
Is 25055873333 composite?
False
Is 982819037 a prime number?
True
Is 596127269 prime?
True
Is 4147899383 composite?
True
Is 19421896133 composite?
False
Is 63050699683 a prime number?
False
Is 6392368583 prime?
False
Is 292800617 prime?
False
Is 960749359 a prime number?
True
Is 13366634951 a prime number?
True
Is 25348339949 a composite number?
False
Is 11899821 composite?
True
Is 105068167 prime?
False
Is 47518567949 a prime number?
False
Is 3758956477 composite?
True
Is 12176809189 a composite number?
True
Is 6442644385 a composite number?
True
Is 3662956159 prime?
True
Is 2587145611 a prime number?
False
Is 50811055 composite?
True
Is 396890059 a composite number?
False
Is 628754279 a composite number?
False
Is 2806426023 a composite number?
True
Is 695390429 composite?
True
Is 142199249641 composite?
False
Is 11146516793 composite?
False
Is 17326119101 prime?
True
Is 36688209427 composite?
False
Is 296803781593 a composite number?
True
Is 56960369 a prime number?
False
Is 166266859 a composite number?
True
Is 71017873033 composite?
False
Is 64190145241 prime?
False
Is 5600426771 a prime number?
False
Is 11243576851 a composite number?
True
Is 43400944381 a composite number?
True
Is 2053176289 composite?
False
Is 1076445157 prime?
True
Is 4994359421 a prime number?
True
Is 37556384291 prime?
False
Is 141382209091 a prime number?
True
Is 89054077721 a prime number?
False
Is 9098382211 a composite number?
False
Is 755224567 composite?
True
Is 4026426071 composite?
False
Is 2322473209 a composite number?
True
Is 1220533579 composite?
False
Is 26751539 composite?
False
Is 13216708499 a prime number?
True
Is 542986289 composite?
False
Is 10756607119 a composite number?
False
Is 19510257059 composite?
True
Is 2115308491 prime?
True
Is 220885387 composite?
True
Is 15797634143 prime?
True
Is 5983929089 a composite number?
False
Is 3946955599 composite?
True
Is 14234146139 composite?
True
Is 2751945557 a prime number?
True
Is 16853346203 prime?
True
Is 1734630421 prime?
False
Is 19749622579 prime?
True
Is 7967364299 a prime number?
False
Is 4741359034 a composite number?
True
Is 317611057 a prime number?
True
Is 2330781227 a prime number?
True
Is 3946459177 a composite number?
True
Is 134553949 a composite number?
False
Is 3794398837 composite?
True
Is 2266487357 a composite number?
False
Is 443171293 composite?
False
Is 883078211 prime?
True
Is 4928866919 prime?
True
Is 2307772343 a composite number?
False
Is 141119122658 prime?
False
Is 2368609433 composite?
False
Is 99394894897 composite?
False
Is 264678577 a composite number?
False
Is 866291693 a composite number?
True
Is 740854637 composite?
False
Is 139075300873 a composite number?
False
Is 54381547 a prime number?
False
Is 1283296363 a prime number?
False
Is 734444329 prime?
True
Is 1168573583 a composite number?
False
Is 1240460591 a composite number?
True
Is 28924265393 composite?
False
Is 415481023 composite?
False
Is 1007784917 composite?
False
Is 5723698159 a prime number?
False
Is 55266106487 a prime number?
False
Is 2892568681 a composite number?
False
Is 9851813 composite?
False
Is 684965063 composite?
False
Is 7254370819 a composite number?
False
Is 234693820799 composite?
False
Is 1875379829 prime?
True
Is 7125307667 composite?
True
Is 16970903 a composite number?
True
Is 122017061 a prime number?
False
Is 1305290249 prime?
True
Is 12743407351 composite?
True
Is 2762234679 prime?
False
Is 80347018847 a prime number?
True
Is 479767481 a prime number?
True
Is 11410395313 a prime number?
True
Is 3376661983 prime?
True
Is 197408819 a prime number?
True
Is 12980522869 a composite number?
True
Is 3159178189 a prime number?
True
Is 669795769 composite?
True
Is 21696581947 prime?
False
Is 92670740441 a composite number?
False
Is 3648632059 prime?
True
Is 63267265619 prime?
False
Is 4092896417 prime?
True
Is 1854771599 composite?
False
Is 38892411307 a composite number?
False
Is 26448043205 a prime number?
False
Is 8367687703 a prime number?
False
Is 9867185527 a composite number?
True
Is 11884291714 prime?
False
Is 13213414919 a composite number?
False
Is 2114735827 a prime number?
True
Is 23000367589 prime?
True
Is 4052649779 a prime number?
False
Is 5777286673 prime?
True
Is 230583473 a prime number?
True
Is 145288667911 composite?
False
Is 2085187